{"id":1111,"date":"2019-03-01T15:46:14","date_gmt":"2019-03-01T15:46:14","guid":{"rendered":"https:\/\/ecophone.fr\/index.php\/product\/iphone-xs-max\/"},"modified":"2021-11-16T17:41:46","modified_gmt":"2021-11-16T17:41:46","slug":"iphone-xs-max","status":"publish","type":"product","link":"https:\/\/ecophone.benito.website\/index.php\/product\/iphone-xs-max\/","title":{"rendered":"iPhone XS Max"},"content":{"rendered":"<h3>Votre impact sur l&#8217;environnement : Vous \u00e9vitez une \u00e9mission de 77kg de CO2 en achetant un iPhone Xs Max reconditionn\u00e9<\/h3>\n<h3>Contenu du coffret :<\/h3>\n<ul>\n<li>iPhone<\/li>\n<li>C\u00e2ble Lightning vers USB (1M)<\/li>\n<li>Nous n&#8217;incluons pas les EarPods ainsi que l&#8217;adaptateur secteur afin d&#8217;\u00e9viter les d\u00e9chets inutiles. En effet, nous avons remarqu\u00e9 que beaucoup d&#8217;entre vous en poss\u00e8de d\u00e9j\u00e0. Si vous en avez r\u00e9ellement besoin, vous pouvez les inclure \u00e0 votre commande.<\/li>\n<\/ul>\n<h3 class=\"a-title h5\">D\u00e9tails techniques :<\/h3>\n<ul>\n<li><strong>V\u00e9rouillage op\u00e9rateur :<\/strong>\u00a0D\u00e9bloqu\u00e9 tout op\u00e9rateur<\/li>\n<li><strong>Taille \u00e9cran (pouces) :<\/strong>\u00a06,5<\/li>\n<li><strong>Capacit\u00e9 de stockage (Go) :<\/strong>\u00a064 &#8211; 256 &#8211; 512<\/li>\n<li><strong>Mod\u00e8le :<\/strong>\u00a0iPhone XS Max<\/li>\n<li><strong>M\u00e9moire (Go) :<\/strong>\u00a04<\/li>\n<li><strong>Marque du processeur :<\/strong>\u00a0Apple A12 Bionic<\/li>\n<li><strong>Type du processeur :<\/strong>\u00a0Apple A12 Bionic<\/li>\n<li><strong>Nombre de coeurs :<\/strong>\u00a06<\/li>\n<li><strong>Megapixels :<\/strong>\u00a012 + 12<\/li>\n<li><strong>Syst\u00e8me d&#8217;exploitation :<\/strong>\u00a0iOS<\/li>\n<li><strong>R\u00e9seau :<\/strong>\u00a04G<\/li>\n<li><strong>Date de sortie :<\/strong>\u00a0Septembre 2018<\/li>\n<li><strong>Double Sim :<\/strong>\u00a0Non<\/li>\n<li><strong>Marque :<\/strong>\u00a0Apple<\/li>\n<li><strong>Poids (g) :<\/strong>\u00a0208<\/li>\n<\/ul>\n","protected":false},"excerpt":{"rendered":"<p>Votre impact sur l&#8217;environnement : Vous \u00e9vitez une \u00e9mission de 77kg de CO2 en achetant un iPhone Xs Max reconditionn\u00e9\u2026<\/p>\n","protected":false},"featured_media":2900,"comment_status":"open","ping_status":"closed","template":"","meta":{"spay_email":""},"product_cat":[87,92],"product_tag":[],"class_list":["post-1111","product","type-product","status-publish","has-post-thumbnail","hentry","product_cat-iphone","product_cat-iphonex"],"_links":{"self":[{"href":"https:\/\/ecophone.benito.website\/index.php\/wp-json\/wp\/v2\/product\/1111","targetHints":{"allow":["GET"]}}],"collection":[{"href":"https:\/\/ecophone.benito.website\/index.php\/wp-json\/wp\/v2\/product"}],"about":[{"href":"https:\/\/ecophone.benito.website\/index.php\/wp-json\/wp\/v2\/types\/product"}],"replies":[{"embeddable":true,"href":"https:\/\/ecophone.benito.website\/index.php\/wp-json\/wp\/v2\/comments?post=1111"}],"wp:featuredmedia":[{"embeddable":true,"href":"https:\/\/ecophone.benito.website\/index.php\/wp-json\/wp\/v2\/media\/2900"}],"wp:attachment":[{"href":"https:\/\/ecophone.benito.website\/index.php\/wp-json\/wp\/v2\/media?parent=1111"}],"wp:term":[{"taxonomy":"product_cat","embeddable":true,"href":"https:\/\/ecophone.benito.website\/index.php\/wp-json\/wp\/v2\/product_cat?post=1111"},{"taxonomy":"product_tag","embeddable":true,"href":"https:\/\/ecophone.benito.website\/index.php\/wp-json\/wp\/v2\/product_tag?post=1111"}],"curies":[{"name":"wp","href":"https:\/\/api.w.org\/{rel}","templated":true}]}}