{"id":1816,"date":"2019-03-04T12:28:33","date_gmt":"2019-03-04T12:28:33","guid":{"rendered":"https:\/\/ecophone.fr\/index.php\/product\/iphone-6s-plus-debloque\/"},"modified":"2021-11-16T17:37:59","modified_gmt":"2021-11-16T17:37:59","slug":"iphone6splus","status":"publish","type":"product","link":"https:\/\/ecophone.benito.website\/index.php\/product\/iphone6splus\/","title":{"rendered":"iPhone 6S Plus &#8211; 1 an de garantie"},"content":{"rendered":"<p><!--Logo Link--><\/p>\n<p><!--Top Promo \/Font-Awosem\/Edit Text or Icon--><!--Header End--><\/p>\n<h3>Votre impact sur l&#8217;environnement : Vous \u00e9vitez une \u00e9mission de 63kg de CO2 en achetant un iPhone 6s plus reconditionn\u00e9<\/h3>\n<h3>Contenu du coffret :<\/h3>\n<ul>\n<li>iPhone<\/li>\n<li>C\u00e2ble Lightning vers USB (1M)<\/li>\n<li>Nous n&#8217;incluons pas les EarPods ainsi que l&#8217;adaptateur secteur afin d&#8217;\u00e9viter les d\u00e9chets inutiles. En effet, nous avons remarqu\u00e9 que beaucoup d&#8217;entre vous en poss\u00e8de d\u00e9j\u00e0. Si vous en avez r\u00e9ellement besoin, vous pouvez les inclure \u00e0 votre commande.<\/li>\n<\/ul>\n<h3>Grades :<\/h3>\n<ul>\n<li><strong>Parfait :\u00a0<\/strong>Ces t\u00e9l\u00e9phones ont \u00e9t\u00e9 enti\u00e8rement remis \u00e0 neuf par Apple et sont en excellent \u00e9tat de fonctionnement. Ils seront en parfait \u00e9tat cosm\u00e9tique et seront neufs! Ils ont \u00e9t\u00e9 enti\u00e8rement inspect\u00e9s, nettoy\u00e9s chirurgicalement et rigoureusement test\u00e9s dans le cadre de notre programme de contr\u00f4le de la qualit\u00e9 pour garantir leur excellent \u00e9tat de fonctionnement. Pour votre tranquillit\u00e9 d\u2019esprit, ils b\u00e9n\u00e9ficient de notre garantie compl\u00e8te de 12 mois. Si vous recherchez un t\u00e9l\u00e9phone qui ressemble \u00e0 un neuf sans le prix d\u2019un nouveau, ce t\u00e9l\u00e9phone est parfait pour vous!<\/li>\n<li><strong>Comme neuf :<\/strong>\u00a0Ces iPhone ont \u00e9t\u00e9 remis \u00e0 neuf par notre \u00e9quipe qualifi\u00e9e et sont en parfait \u00e9tat de fonctionnement. Ils seront en tr\u00e8s bon \u00e9tat esth\u00e9tique et comme neuf. Ils ont \u00e9t\u00e9 enti\u00e8rement inspect\u00e9s, nettoy\u00e9s chirurgicalement et rigoureusement test\u00e9s dans le cadre de notre programme de contr\u00f4le de la qualit\u00e9 pour garantir leur excellent \u00e9tat de fonctionnement. Pour votre tranquillit\u00e9 d\u2019esprit, ils b\u00e9n\u00e9ficient de notre garantie compl\u00e8te de 12 mois. Si vous recherchez un t\u00e9l\u00e9phone comme neuf mais sans le prix du neuf, cet appareil est fait pour vous!<\/li>\n<li><strong>Bon \u00e9tat :<\/strong>\u00a0Ces t\u00e9l\u00e9phones sont de qualit\u00e9, test\u00e9s et en parfait \u00e9tat de fonctionnement. Ces appareils peuvent \u00eatre un peu plus \u00e2g\u00e9 mais en tr\u00e8s bon \u00e9tat tant bien esth\u00e9tique que de fonctionnement. Ces t\u00e9l\u00e9phones peuvent avoir eu leur \u00e9cran, leur batterie ou tout autre composant remplac\u00e9 par un composant original. Ils ont \u00e9t\u00e9 enti\u00e8rement inspect\u00e9s, nettoy\u00e9s chirurgicalement et rigoureusement test\u00e9s dans le cadre de notre programme de contr\u00f4le de la qualit\u00e9 pour garantir leur excellent \u00e9tat de fonctionnement. Pour votre tranquillit\u00e9 d\u2019esprit, ils b\u00e9n\u00e9ficient de notre garantie compl\u00e8te de 12 mois. Nous pensons que c\u2019est le meilleur rapport qualit\u00e9-prix que vous pouvez trouver pour un t\u00e9l\u00e9phone !<\/li>\n<li><strong>Grade C :<\/strong>\u00a0Ces iPhone ont \u00e9t\u00e9 test\u00e9s et sont excellent \u00e9tat de fonctionnement. Pour leur \u00e2ge, ils ont \u00e9t\u00e9 bien utilis\u00e9s et montreront donc des signes d\u2019usure. Cela inclut, sans toutefois s\u2019y limiter, des rayures, coups et \u00e9raflures. Ils ont \u00e9t\u00e9 enti\u00e8rement inspect\u00e9s, minutieusement v\u00e9rifi\u00e9s et test\u00e9s pour garantir une utilisation sans probl\u00e8me. L\u2019usure est purement cosm\u00e9tique, elle n\u2019a aucune incidence sur l\u2019usage ! La plupart des appareils passent la plupart de leur vie avec un prot\u00e8ge \u00e9cran et une coque ! Ces traces d\u2019usures ne seront donc pas visible dans ces cas l\u00e0 ! Rejoignez des milliers de clients satisfaits en achetant un iPhone de notre gamme la plus vendue et r\u00e9alisez ainsi une sacr\u00e9e \u00e9conomie !<\/li>\n<\/ul>\n<div class=\"List_3faHu\">\n<h3 class=\"a-title h5\">D\u00e9tails techniques :<\/h3>\n<ul>\n<li><a href=\"https:\/\/ecophone.fr\/index.php\/pages\/garantie\/\"><strong>Garantie 1 an<\/strong><\/a><\/li>\n<li><strong>V\u00e9rouillage op\u00e9rateur :<\/strong>\u00a0D\u00e9bloqu\u00e9 tout op\u00e9rateur<\/li>\n<li><strong>Taille \u00e9cran (pouces) :<\/strong>\u00a05,5<\/li>\n<li><strong>Capacit\u00e9 de stockage (Go) :<\/strong> 16 &#8211; 32 &#8211; 64 &#8211; 128<\/li>\n<li><strong>Mod\u00e8le :<\/strong>\u00a0iPhone 6S Plus<\/li>\n<li><strong>M\u00e9moire (Go) :<\/strong>\u00a02<\/li>\n<li><strong>Vitesse du processeur (GHz) :<\/strong>\u00a01,84<\/li>\n<li><strong>Marque du processeur :<\/strong>\u00a0Apple<\/li>\n<li><strong>Type du processeur :<\/strong>\u00a0A9<\/li>\n<li><strong>Nombre de coeurs :<\/strong>\u00a02<\/li>\n<li><strong>Megapixels :<\/strong>\u00a012<\/li>\n<li><strong>Syst\u00e8me d&#8217;exploitation :<\/strong>\u00a0iOS<\/li>\n<li><strong>R\u00e9solution :<\/strong>\u00a01080 x 1920<\/li>\n<li><strong>Contraste :<\/strong>\u00a01300:1<\/li>\n<li><strong>Type d&#8217;\u00e9cran :<\/strong>\u00a0Retina<\/li>\n<li><strong>Connecteur :<\/strong>\u00a02.0<\/li>\n<li><strong>R\u00e9seau :<\/strong>\u00a04G<\/li>\n<li><strong>Date de sortie :<\/strong>\u00a0Septembre 2015<\/li>\n<li><strong>Double Sim :<\/strong>\u00a0Non<\/li>\n<li><strong>Marque :<\/strong>\u00a0Apple<\/li>\n<li><strong>Largeur (cm) :<\/strong>\u00a07,79<\/li>\n<li><strong>Profondeur (cm) :<\/strong>\u00a00,73<\/li>\n<li><strong>Poids (g) :<\/strong>\u00a0192<\/li>\n<li><strong>Hauteur (cm) :<\/strong>\u00a015,82<\/li>\n<\/ul>\n<\/div>\n<div class=\"Description_2qNTO\">\n<div>\n<div><\/div>\n<div>\n<p><strong>iPhone 6S<\/strong><\/p>\n<p>Avec son iPhone 6s plus, Apple renouv\u00e8le son exp\u00e9rience du smartphone \u00e0 \u00e9cran large. Sorti en septembre 2015, ce mod\u00e8le s\u2019inscrit comme la version haut de gamme de l\u2019iPhone 6 s, bien que celui-ci soit d\u00e9j\u00e0 un smartphone haut de gamme.\u00a0<strong>L\u2019iPhone 6 s plus embarque un \u00e9cran 3D Touch<\/strong>\u00a0de 5,5 pouces, un puissant chipset, une m\u00e9moire vive \u00e9lev\u00e9e et des capteurs photographiques ultraperformants. Malgr\u00e9 sa taille assez impressionnante,\u00a0<strong>l\u2019iPhone 6s plus est un smartphone fin et l\u00e9ger\u00a0<\/strong>avec une \u00e9paisseur de 7,3 mm pour 192 g. Il embarque une coque en aluminium unibody qui \u00e9pouse parfaitement son \u00e9cran panoramique Multitouch de nouvelle g\u00e9n\u00e9ration de 5,5 pouces r\u00e9tro\u00e9clair\u00e9s par LED. Cet \u00e9cran Retina HD affichant une r\u00e9solution native en Full HD de 1920 x 1080 pixels \u00e0 401 ppp propose des pixels \u00e0 double transistor pour grands angles de vision, et utilise les technologies IPS, Zoom, Taptic Engine et 3D Touch. Au niveau du SoC, ce mod\u00e8le issu de la 9\u00e8me g\u00e9n\u00e9ration d\u2019iPhone fonctionne avec une puce Apple A9 avec architecture 64 bits et coprocesseur de mouvement M9 int\u00e9gr\u00e9 compos\u00e9e du CPU Twister dualcore 1,84 GHz et du GPU PowerVR GT7600 \u00e0 six c\u0153urs, dont la fr\u00e9quence du bus est de 192 bits. La m\u00e9moire vive install\u00e9e est de 2 Go tandis que la m\u00e9moire interne de stockage pour cette version rose est de 64 go.<\/p>\n<\/div>\n<div><strong>L\u2019iPhone 6s+ est un v\u00e9ritable champion de la vid\u00e9o et de la photo<\/strong>\u00a0gr\u00e2ce \u00e0 son capteur principal de 12 m\u00e9gapixels avec objectif \u00e0 cinq \u00e9l\u00e9ments de 29 mm, ouverture f\/2.2, autofocus \u00e0 d\u00e9tection de phase et Flash True Tone dual-LED. Celui-ci propose plusieurs fonctionnalit\u00e9s, comme le mode panorama jusqu\u2019\u00e0 63 m\u00e9gapixels, la mise au point automatique avec Focus Pixel, l\u2019enregistrement vid\u00e9o en Ultra HD 4K 2160p \u00e0 30 fps avec prise de vue simultan\u00e9e \u00e0 8 m\u00e9gapixels, et Live Photo, qui permet d\u2019int\u00e9grer son et mouvement aux images pour qu\u2019elles puissent prendre vie. Quant \u00e0 son capteur frontal, il permet de prendre des selfies avec luminosit\u00e9 optimale \u00e0 5 m\u00e9gapixels gr\u00e2ce au Retina Flash, \u00e0 l\u2019ouverture f\/2.2 et l\u2019objectif de 31 mm. Les utilisateurs pourront faire des vid\u00e9oconf\u00e9rences en Full HD 1080p \u00e0 30 fps.<br \/>\nCe produit est fait pour vous si vous d\u00e9sirez obtenir l\u2019un des meilleurs smartphones au monde, qui dispose \u00e0 la fois d\u2019un design raffin\u00e9 et \u00e9l\u00e9gant, et qui embarque des caract\u00e9ristiques \u00e9poustouflantes, comme le capteur principal de 12 m\u00e9gapixels avec double Flash LED, \u00e9cran 3D Touch, NFC, etc.<\/div>\n<\/div>\n<\/div>\n","protected":false},"excerpt":{"rendered":"<p>Votre impact sur l&#8217;environnement : Vous \u00e9vitez une \u00e9mission de 63kg de CO2 en achetant un iPhone 6s plus reconditionn\u00e9\u2026<\/p>\n","protected":false},"featured_media":2878,"comment_status":"open","ping_status":"closed","template":"","meta":{"spay_email":""},"product_cat":[87,89],"product_tag":[],"class_list":["post-1816","product","type-product","status-publish","has-post-thumbnail","hentry","product_cat-iphone","product_cat-iphone6"],"_links":{"self":[{"href":"https:\/\/ecophone.benito.website\/index.php\/wp-json\/wp\/v2\/product\/1816","targetHints":{"allow":["GET"]}}],"collection":[{"href":"https:\/\/ecophone.benito.website\/index.php\/wp-json\/wp\/v2\/product"}],"about":[{"href":"https:\/\/ecophone.benito.website\/index.php\/wp-json\/wp\/v2\/types\/product"}],"replies":[{"embeddable":true,"href":"https:\/\/ecophone.benito.website\/index.php\/wp-json\/wp\/v2\/comments?post=1816"}],"wp:featuredmedia":[{"embeddable":true,"href":"https:\/\/ecophone.benito.website\/index.php\/wp-json\/wp\/v2\/media\/2878"}],"wp:attachment":[{"href":"https:\/\/ecophone.benito.website\/index.php\/wp-json\/wp\/v2\/media?parent=1816"}],"wp:term":[{"taxonomy":"product_cat","embeddable":true,"href":"https:\/\/ecophone.benito.website\/index.php\/wp-json\/wp\/v2\/product_cat?post=1816"},{"taxonomy":"product_tag","embeddable":true,"href":"https:\/\/ecophone.benito.website\/index.php\/wp-json\/wp\/v2\/product_tag?post=1816"}],"curies":[{"name":"wp","href":"https:\/\/api.w.org\/{rel}","templated":true}]}}