{"id":2153,"date":"2019-03-04T16:49:20","date_gmt":"2019-03-04T16:49:20","guid":{"rendered":"https:\/\/ecophone.fr\/index.php\/product\/iphone-5c-1-an-de-garantie\/"},"modified":"2026-04-15T08:45:24","modified_gmt":"2026-04-15T08:45:24","slug":"iphone5c","status":"publish","type":"product","link":"https:\/\/ecophone.benito.website\/index.php\/product\/iphone5c\/","title":{"rendered":"iPhone 5C &#8211; 1 an de garantie"},"content":{"rendered":"<h3>Votre impact sur l&#8217;environnement : Vous \u00e9vitez une \u00e9mission de 60kg de CO2 en achetant un iPhone 5c reconditionn\u00e9<\/h3>\n<h3>Contenu du coffret :<\/h3>\n<ul>\n<li>iPhone<\/li>\n<li>C\u00e2ble Lightning vers USB (1M)<\/li>\n<li>Nous n&#8217;incluons pas les EarPods ainsi que l&#8217;adaptateur secteur afin d&#8217;\u00e9viter les d\u00e9chets inutiles. En effet, nous avons remarqu\u00e9 que beaucoup d&#8217;entre vous en poss\u00e8de d\u00e9j\u00e0. Si vous en avez r\u00e9ellement besoin, vous pouvez les inclure \u00e0 votre commande.<\/li>\n<\/ul>\n<h3>Grades :<\/h3>\n<ul>\n<li><strong>Parfait :\u00a0<\/strong>Ces t\u00e9l\u00e9phones ont \u00e9t\u00e9 enti\u00e8rement remis \u00e0 neuf par Apple et sont en excellent \u00e9tat de fonctionnement. Ils seront en parfait \u00e9tat cosm\u00e9tique et seront neufs! Ils ont \u00e9t\u00e9 enti\u00e8rement inspect\u00e9s, nettoy\u00e9s chirurgicalement et rigoureusement test\u00e9s dans le cadre de notre programme de contr\u00f4le de la qualit\u00e9 pour garantir leur excellent \u00e9tat de fonctionnement. Pour votre tranquillit\u00e9 d\u2019esprit, ils b\u00e9n\u00e9ficient de notre garantie compl\u00e8te de 12 mois. Si vous recherchez un t\u00e9l\u00e9phone qui ressemble \u00e0 un neuf sans le prix d\u2019un nouveau, ce t\u00e9l\u00e9phone est parfait pour vous!<\/li>\n<li><strong>Comme neuf :<\/strong>\u00a0Ces iPhone ont \u00e9t\u00e9 remis \u00e0 neuf par notre \u00e9quipe qualifi\u00e9e et sont en parfait \u00e9tat de fonctionnement. Ils seront en tr\u00e8s bon \u00e9tat esth\u00e9tique et comme neuf. Ils ont \u00e9t\u00e9 enti\u00e8rement inspect\u00e9s, nettoy\u00e9s chirurgicalement et rigoureusement test\u00e9s dans le cadre de notre programme de contr\u00f4le de la qualit\u00e9 pour garantir leur excellent \u00e9tat de fonctionnement. Pour votre tranquillit\u00e9 d\u2019esprit, ils b\u00e9n\u00e9ficient de notre garantie compl\u00e8te de 12 mois. Si vous recherchez un t\u00e9l\u00e9phone comme neuf mais sans le prix du neuf, cet appareil est fait pour vous!<\/li>\n<li><strong>Bon \u00e9tat :<\/strong>\u00a0Ces t\u00e9l\u00e9phones sont de qualit\u00e9, test\u00e9s et en parfait \u00e9tat de fonctionnement. Ces appareils peuvent \u00eatre un peu plus \u00e2g\u00e9 mais en tr\u00e8s bon \u00e9tat tant bien esth\u00e9tique que de fonctionnement. Ces t\u00e9l\u00e9phones peuvent avoir eu leur \u00e9cran, leur batterie ou tout autre composant remplac\u00e9 par un composant original. Ils ont \u00e9t\u00e9 enti\u00e8rement inspect\u00e9s, nettoy\u00e9s chirurgicalement et rigoureusement test\u00e9s dans le cadre de notre programme de contr\u00f4le de la qualit\u00e9 pour garantir leur excellent \u00e9tat de fonctionnement. Pour votre tranquillit\u00e9 d\u2019esprit, ils b\u00e9n\u00e9ficient de notre garantie compl\u00e8te de 12 mois. Nous pensons que c\u2019est le meilleur rapport qualit\u00e9-prix que vous pouvez trouver pour un t\u00e9l\u00e9phone !<\/li>\n<li><strong>Grade C :<\/strong>\u00a0Ces iPhone ont \u00e9t\u00e9 test\u00e9s et sont excellent \u00e9tat de fonctionnement. Pour leur \u00e2ge, ils ont \u00e9t\u00e9 bien utilis\u00e9s et montreront donc des signes d\u2019usure. Cela inclut, sans toutefois s\u2019y limiter, des rayures, coups et \u00e9raflures. Ils ont \u00e9t\u00e9 enti\u00e8rement inspect\u00e9s, minutieusement v\u00e9rifi\u00e9s et test\u00e9s pour garantir une utilisation sans probl\u00e8me. L\u2019usure est purement cosm\u00e9tique, elle n\u2019a aucune incidence sur l\u2019usage ! La plupart des appareils passent la plupart de leur vie avec un prot\u00e8ge \u00e9cran et une coque ! Ces traces d\u2019usures ne seront donc pas visible dans ces cas l\u00e0 ! Rejoignez des milliers de clients satisfaits en achetant un iPhone de notre gamme la plus vendue et r\u00e9alisez ainsi une sacr\u00e9e \u00e9conomie !<\/li>\n<\/ul>\n<div class=\"List_3faHu\">\n<div class=\"List_3faHu\">\n<h3 class=\"a-title h5\">D\u00e9tails techniques :<\/h3>\n<ul>\n<li><a href=\"https:\/\/ecophone.fr\/index.php\/pages\/garantie\/\"><strong>Garantie 1 an<\/strong><\/a><\/li>\n<li><strong>V\u00e9rouillage op\u00e9rateur :<\/strong>\u00a0D\u00e9bloqu\u00e9 tout op\u00e9rateur<\/li>\n<li><strong>Taille \u00e9cran (pouces) :<\/strong>\u00a04<\/li>\n<li><strong>Capacit\u00e9 de stockage (Go) :<\/strong>\u00a08 &#8211; 16 &#8211; 32<\/li>\n<li><strong>M\u00e9moire (Go) :<\/strong>\u00a01<\/li>\n<li><strong>Mod\u00e8le :<\/strong>\u00a0iPhone 5C<\/li>\n<li><strong>Vitesse du processeur (GHz) :<\/strong>\u00a01,3<\/li>\n<li><strong>Marque du processeur :<\/strong>\u00a0Apple<\/li>\n<li><strong>Type du processeur :<\/strong>\u00a0Apple A6<\/li>\n<li><strong>Nombre de coeurs :<\/strong>\u00a02<\/li>\n<li><strong>Megapixels :<\/strong>\u00a08<\/li>\n<li><strong>Syst\u00e8me d&#8217;exploitation :<\/strong>\u00a0iOS<\/li>\n<li><strong>R\u00e9solution :<\/strong>\u00a0640 x 1136<\/li>\n<li><strong>Contraste :<\/strong>\u00a0800:1<\/li>\n<li><strong>Type d&#8217;\u00e9cran :<\/strong>\u00a0Retina<\/li>\n<li><strong>Connecteur :<\/strong>\u00a0Lightning<\/li>\n<li><strong>R\u00e9seau :<\/strong>\u00a04G<\/li>\n<li><strong>Date de sortie :<\/strong>\u00a0Septiembre 2013<\/li>\n<li><strong>Double Sim :<\/strong>\u00a0Non<\/li>\n<li><strong>:<\/strong>\u00a0ME499DN\/A<\/li>\n<li><strong>Marque :<\/strong>\u00a0Apple<\/li>\n<li><strong>Largeur (cm) :<\/strong>\u00a05,92<\/li>\n<li><strong>Profondeur (cm) :<\/strong>\u00a00,897<\/li>\n<li><strong>Poids (g) :<\/strong>\u00a0132<\/li>\n<li><strong>Hauteur (cm) :<\/strong>\u00a012,44<\/li>\n<\/ul>\n<\/div>\n<div class=\"Description_2qNTO\">\n<div><strong><strong><br \/>\niPhone 5C<\/strong><\/strong><\/div>\n<div>Une puce A6 ultra puissante<\/div>\n<div>Les performances graphiques et celles du processeur sont jusqu&#8217;\u00e0 deux fois plus rapides que sur la puce A5. L&#8217;iPhone 5c n&#8217;en offre pas moins une remarquable autonomie.<\/div>\n<div><\/div>\n<div>&#8211; Batterie au lithium-ion rechargeable int\u00e9gr\u00e9e<\/div>\n<div>&#8211; Recharge via USB par l\u2019ordinateur ou l\u2019adaptateur secteur<\/div>\n<div><\/div>\n<div>Une connectivit\u00e9 4G LTE ultra-rapide<\/div>\n<div>L&#8217;iPhone 5c prend en charge les technologies sans fil les plus r\u00e9centes (4G LTE) et se connecte ainsi \u00e0 un plus grand nombre de r\u00e9seaux dans le monde. Le Wi-Fi est \u00e9galement plus rapide.<br \/>\nAutres capacit\u00e9s<\/div>\n<div>Un nouveau design pour la 7\u00e8me g\u00e9n\u00e9ration de l&#8217;iPhone<\/div>\n<div>Avec une \u00e9paisseur de 8,97 mm pour un poids de 132 g, l&#8217;iPhone 5c blanc est remarquablement fin et l\u00e9ger. Sa coque est faite de polycarbonate et ses bords arrondis sont taill\u00e9s au diamant avec une incroyable pr\u00e9cision.<\/div>\n<div>Sorti en septembre 2013, l\u2019iPhone 5c pas cher remplace son pr\u00e9d\u00e9cesseur l\u2019iPhone 5. Celui-ci a su conqu\u00e9rir le public gr\u00e2ce \u00e0 ses courbes rappelant les premi\u00e8res g\u00e9n\u00e9rations du smartphone d\u2019Apple et ses diff\u00e9rents coloris teint\u00e9s d\u2019\u00e9motion. Au niveau des performances, celles d\u2019un iPhone 5c 16go sont similaires \u00e0 celles d\u2019un iPhone 5 de la m\u00eame capacit\u00e9, avec quelques am\u00e9liorations notables. Ce qui fait la force d\u2019un iPhone 5c blanc, c\u2019est indubitablement son design et sa couleur, qui marque un changement significatif pour la firme de Cupertino. En effet, Apple innove son smartphone en lui donnant un look branch\u00e9 au d\u00e9triment de la finesse de son iPhone 5 puisque son iPhone 5c 16go blanc a une \u00e9paisseur proche de 9 mm pour 132 g. Il y a aussi du changement au niveau de la coque puisque celle-ci est r\u00e9alis\u00e9e en polycarbonate avec des bords arrondis taill\u00e9s au diamant avec une pr\u00e9cision chirurgicale incroyable pour un rendu bluffant. Les utilisateurs peuvent opter pour plusieurs coloris de coque: blanc, bleu, rose, vert ou jaune. Ils ont aussi \u00e0 leur disposition des prot\u00e8ge-coques parsem\u00e9es d\u2019orifices frapp\u00e9s du logo d\u2019Apple en assortiment avec la couleur de leur smartphone.<\/div>\n<div><\/div>\n<div>Et si les performances de l\u2019iPhone 5c reconditionn\u00e9 sont identiques \u00e0 celles de son pr\u00e9d\u00e9cesseur, il y a tout de m\u00eame quelques changements effectu\u00e9s par les ing\u00e9nieurs d\u2019Apple comme l\u2019am\u00e9lioration du r\u00e9seau 4G LTE passant de 3 bandes \u00e0 7 bandes. Le mod\u00e8le iPhone 5c blanc pas cher dispose aussi d\u2019une batterie plus puissante de 1 570 mAh pour une autonomie de 250 heures en veille et de 8 \u00e0 10 heures en utilisation 3G\/4G et en conversation t\u00e9l\u00e9phonique. Quant au capteur frontal de 1,2 m\u00e9gapixels, celui-ci permet maintenant de r\u00e9aliser des vid\u00e9os en 720p \u00e0 30 fps pour un FaceTime en haute d\u00e9finition. Si l\u2019iPhone 5c pas cher est une version am\u00e9lior\u00e9e de l\u2019iPhone 5, il a gard\u00e9 son \u00e9cran Retina de 4 pouces avec une r\u00e9solution de 640 x 1136 pixels pour une densit\u00e9 de pixels de 326 ppp. Celui-ci affiche toujours 16 millions de couleurs et reste un \u00e9cran LED-backlight IPS LCD. Par rapport \u00e0 son pr\u00e9d\u00e9cesseur, un iPhone 5c 32go blanc tourne avec la version 7 de l\u2019iOS d\u2019Apple. Cela lui permet \u00e9galement d\u2019offrir une nouvelle esth\u00e9tique au niveau de l\u2019affichage, qui est plus minimaliste avec de meilleures couleurs. A sa sortie, le prix iPhone 5c \u00e9tait en dessous de l\u2019iPhone 5.<\/div>\n<div><\/div>\n<div>Acheter iPhone 5c permet de b\u00e9n\u00e9ficier de nombreux accessoires. En effet, la firme de Cupertino met \u00e0 la disposition des utilisateurs des accessoires sp\u00e9cialement con\u00e7us pour l\u2019appareil, comme des \u00e9couteurs, des films protecteurs en verre tremp\u00e9 ou encore des stations d\u2019accueil. Ce produit est fait pour vous si vous voulez un smartphone haut de gamme aux splendides courbes et aux couleurs laissant transparaitre vos \u00e9motions.Ses points forts:Un \u00e9cran Retina brillant de 4 poucesD\u00e9sormais, vous voyez tout de fa\u00e7on plus \u00e9clatante et r\u00e9aliste. Et bien que l&#8217;affichage paraisse plus grand, la largeur reste identique \u00e0 celle d&#8217;un iPhone 5. Avec ses contours arrondis, sa prise en main est encore plus agr\u00e9able que les iPhones pr\u00e9c\u00e9dents.<\/div>\n<\/div>\n<\/div>\n","protected":false},"excerpt":{"rendered":"<p>Votre impact sur l&#8217;environnement : Vous \u00e9vitez une \u00e9mission de 60kg de CO2 en achetant un iPhone 5c reconditionn\u00e9 Contenu\u2026<\/p>\n","protected":false},"featured_media":2869,"comment_status":"open","ping_status":"closed","template":"","meta":{"spay_email":""},"product_cat":[87,88],"product_tag":[],"class_list":["post-2153","product","type-product","status-publish","has-post-thumbnail","hentry","product_cat-iphone","product_cat-iphone5"],"_links":{"self":[{"href":"https:\/\/ecophone.benito.website\/index.php\/wp-json\/wp\/v2\/product\/2153","targetHints":{"allow":["GET"]}}],"collection":[{"href":"https:\/\/ecophone.benito.website\/index.php\/wp-json\/wp\/v2\/product"}],"about":[{"href":"https:\/\/ecophone.benito.website\/index.php\/wp-json\/wp\/v2\/types\/product"}],"replies":[{"embeddable":true,"href":"https:\/\/ecophone.benito.website\/index.php\/wp-json\/wp\/v2\/comments?post=2153"}],"wp:featuredmedia":[{"embeddable":true,"href":"https:\/\/ecophone.benito.website\/index.php\/wp-json\/wp\/v2\/media\/2869"}],"wp:attachment":[{"href":"https:\/\/ecophone.benito.website\/index.php\/wp-json\/wp\/v2\/media?parent=2153"}],"wp:term":[{"taxonomy":"product_cat","embeddable":true,"href":"https:\/\/ecophone.benito.website\/index.php\/wp-json\/wp\/v2\/product_cat?post=2153"},{"taxonomy":"product_tag","embeddable":true,"href":"https:\/\/ecophone.benito.website\/index.php\/wp-json\/wp\/v2\/product_tag?post=2153"}],"curies":[{"name":"wp","href":"https:\/\/api.w.org\/{rel}","templated":true}]}}