{"id":2282,"date":"2019-03-04T19:31:59","date_gmt":"2019-03-04T19:31:59","guid":{"rendered":"https:\/\/ecophone.fr\/index.php\/product\/ecouteur-earpods-avec-mini-jack-35-mm\/"},"modified":"2021-11-16T17:32:06","modified_gmt":"2021-11-16T17:32:06","slug":"ecouteur-earpods-avec-mini-jack-35-mm","status":"publish","type":"product","link":"https:\/\/ecophone.benito.website\/index.php\/product\/ecouteur-earpods-avec-mini-jack-35-mm\/","title":{"rendered":"\u00c9couteur EarPods avec mini-jack 3,5 mm"},"content":{"rendered":"<p><span style=\"font-size: large;\"><!-- [if lte IE 7]>< ![endif]--><!-- [if IE 8]>< ![endif]--><!-- [if IE 9]>< ![endif]--><!-- [if !IE]><!--><!--<![endif]--> <!-- [if lte IE 8]>\n\n\n\n<style type=\"text\/css\">.col-width-fix{float:left;}.multi-widget-fix .widget{float:left;}.col-1,.col-2,.col-3,.col-4,.col-5,.col-6,.col-7,.col-8,.col-9,.col-10,.col-11,.col-12,.col-13,.col-14,.col-15,.col-16,.col-17,.col-18,.col-19,.col-20,.col-21,.col-22,.col-23,.col-24{float:left;}.col-1{width:4.166666666666667%;}.col-offset-1{margin-left:4.166666666666667%;}.col-2{width:8.333333333333334%;}.col-offset-2{margin-left:8.333333333333334%;}.col-3{width:12.5%;}.col-offset-3{margin-left:12.5%;}.col-4{width:16.666666666666668%;}.col-offset-4{margin-left:16.666666666666668%;}.col-5{width:20.833333333333332%;}.col-offset-5{margin-left:20.833333333333332%;}.col-6{width:25%;}.col-offset-6{margin-left:25%;}.col-7{width:29.166666666666668%;}.col-offset-7{margin-left:29.166666666666668%;}.col-8{width:33.333333333333336%;}.col-offset-8{margin-left:33.333333333333336%;}.col-9{width:37.5%;}.col-offset-9{margin-left:37.5%;}.col-10{width:41.666666666666664%;}.col-offset-10{margin-left:41.666666666666664%;}.col-11{width:45.833333333333336%;}.col-offset-11{margin-left:45.833333333333336%;}.col-12{width:50%;}.col-offset-12{margin-left:50%;}.col-13{width:54.166666666666664%;}.col-offset-13{margin-left:54.166666666666664%;}.col-14{width:58.333333333333336%;}.col-offset-14{margin-left:58.333333333333336%;}.col-15{width:62.5%;}.col-offset-15{margin-left:62.5%;}.col-16{width:66.66666666666667%;}.col-offset-16{margin-left:66.66666666666667%;}.col-17{width:70.83333333333333%;}.col-offset-17{margin-left:70.83333333333333%;}.col-18{width:75%;}.col-offset-18{margin-left:75%;}.col-19{width:79.16666666666667%;}.col-offset-19{margin-left:79.16666666666667%;}.col-20{width:83.33333333333333%;}.col-offset-20{margin-left:83.33333333333333%;}.col-21{width:87.5%;}.col-offset-21{margin-left:87.5%;}.col-22{width:91.66666666666667%;}.col-offset-22{margin-left:91.66666666666667%;}.col-23{width:95.83333333333333%;}.col-offset-23{margin-left:95.83333333333333%;}.col-24{width:100%;}.col-offset-24{margin-left:100%;}<\/style>\n\n< ![endif]--><\/span><\/p>\n<div class=\"para-list as-pdp-lastparalist\">\n<p>\u00c0 la diff\u00e9rence des \u00e9couteurs boutons circulaires traditionnels, le design des EarPods \u00e9pouse la g\u00e9om\u00e9trie de l\u2019oreille. Ce qui les rend plus confortables que tout autre \u00e9couteur de ce type pour un plus grand nombre de personnes.<\/p>\n<\/div>\n<div class=\"para-list as-pdp-lastparalist\">\n<p>Les haut-parleurs des EarPods ont \u00e9t\u00e9 con\u00e7us pour optimiser la puissance sonore et r\u00e9duire au maximum les d\u00e9perditions, et vous offrir ainsi un son de qualit\u00e9 sup\u00e9rieure.<\/p>\n<\/div>\n<div class=\"para-list as-pdp-lastparalist\">\n<p>Les EarPods avec mini-jack 3,5 mm int\u00e8grent une t\u00e9l\u00e9commande qui permet de r\u00e9gler le volume, contr\u00f4ler la lecture audio et vid\u00e9o, et passer ou mettre fin aux appels, d\u2019une simple pression sur le fil.<\/p>\n<\/div>\n<p><!--[Datacaciques code end]--><\/p>\n","protected":false},"excerpt":{"rendered":"<p>\u00c0 la diff\u00e9rence des \u00e9couteurs boutons circulaires traditionnels, le design des EarPods \u00e9pouse la g\u00e9om\u00e9trie de l\u2019oreille. Ce qui les\u2026<\/p>\n","protected":false},"featured_media":2853,"comment_status":"open","ping_status":"closed","template":"","meta":{"spay_email":""},"product_cat":[15],"product_tag":[],"class_list":["post-2282","product","type-product","status-publish","has-post-thumbnail","hentry","product_cat-uncategorized"],"_links":{"self":[{"href":"https:\/\/ecophone.benito.website\/index.php\/wp-json\/wp\/v2\/product\/2282","targetHints":{"allow":["GET"]}}],"collection":[{"href":"https:\/\/ecophone.benito.website\/index.php\/wp-json\/wp\/v2\/product"}],"about":[{"href":"https:\/\/ecophone.benito.website\/index.php\/wp-json\/wp\/v2\/types\/product"}],"replies":[{"embeddable":true,"href":"https:\/\/ecophone.benito.website\/index.php\/wp-json\/wp\/v2\/comments?post=2282"}],"wp:featuredmedia":[{"embeddable":true,"href":"https:\/\/ecophone.benito.website\/index.php\/wp-json\/wp\/v2\/media\/2853"}],"wp:attachment":[{"href":"https:\/\/ecophone.benito.website\/index.php\/wp-json\/wp\/v2\/media?parent=2282"}],"wp:term":[{"taxonomy":"product_cat","embeddable":true,"href":"https:\/\/ecophone.benito.website\/index.php\/wp-json\/wp\/v2\/product_cat?post=2282"},{"taxonomy":"product_tag","embeddable":true,"href":"https:\/\/ecophone.benito.website\/index.php\/wp-json\/wp\/v2\/product_tag?post=2282"}],"curies":[{"name":"wp","href":"https:\/\/api.w.org\/{rel}","templated":true}]}}